 62. Determine s(-7).
-482
Let q(w) = -w**3 - 87*w**2 - 169*w - 40. Determine q(-85).
-125
Let q(f) = -6*f**2 - 4501*f - 4500. Calculate q(-1).
-5
Let z(h) = -375*h + 3745. Calculate z(10).
-5
Let y(q) = -2*q**2 - 148*q - 30. Determine y(0).
-30
Let q(p) = -p**2 + 46*p + 21. Give q(0).
21
Let i(r) = 6*r**2 + 34*r + 21. Calculate i(-9).
201
Let v(h) = -42*h + 38. What is v(0)?
38
Let m(p) = -p**3 + 22*p**2 - 108*p + 41. Calculate m(15).
-4
Let l(h) = h**2 + 105*h + 206. Calculate l(-103).
0
Let b(m) = -3*m**3 - 70*m**2 - 25*m - 33. What is b(-23)?
13
Let r(n) = 160*n**2 - 3201*n + 17. Give r(20).
-3
Let d(h) = -2*h**2 + 29*h - 146. Determine d(7).
-41
Let y(n) = -976*n - 984. Give y(-1).
-8
Let q(j) = j**2 + 213*j - 3894. Determine q(17).
16
Let n(i) = 20*i**2 + 158*i - 20. Determine n(-8).
-4
Let r(y) = -y**3 - 16*y**2 + 107*y + 42. What is r(-21)?
0
Let n(i) = -5*i**2 - 51*i + 73. What is n(-12)?
-35
Let m(v) = 2*v**2 - 42*v + 250. What is m(16)?
90
Let k(f) = 2*f**3 + 2*f**2 + 9*f + 11. What is k(-2)?
-15
Let p(c) = -c**2 - 6*c + 138. Calculate p(-16).
-22
Let a(i) = 2*i**3 + 16*i**2 + 22*i - 33. What is a(-5)?
7
Let z(n) = n**2 + 181*n + 885. Determine z(-5).
5
Let q(u) = u**3 + 43*u**2 - 88*u + 64. What is q(-45)?
-26
Let w(i) = 2*i**3 + 202*i**2 - 2*i - 214. Give w(-101).
-12
Let b(d) = -12*d**2 + 1389*d - 1041. What is b(115)?
-6
Let o(a) = 3*a + 98. What is o(-14)?
56
Let w(n) = n**3 - 21*n**2 - 51*n + 96. Calculate w(23).
-19
Let z(k) = 6*k**2 + 87*k + 19. Give z(-14).
-23
Let i(r) = -23*r - 2221. Determine i(-97).
10
Let s(r) = -4*r**2 - r + 107. Calculate s(-13).
-556
Let d(t) = -2*t**2 + 88*t + 158. Determine d(46).
-26
Let w(i) = -i**3 - 86*i**2 + 269*i + 170. What is w(-89)?
-8
Let s(p) = -129*p - 9419. What is s(-73)?
-2
Let s(r) = -28*r - 719. Calculate s(-31).
149
Let v(u) = 4*u**2 - 54*u - 88. Calculate v(15).
2
Let x(g) = -20*g**2 - 135*g - 21. Calculate x(-7).
-56
Let h(a) = -a**3 + 21*a**2 - 18*a - 361. Determine h(19).
19
Let g(r) = 615*r**3 + r**2 + 2*r - 1. Give g(-1).
-617
Let t(u) = 35*u + 629. What is t(-37)?
-666
Let x(y) = 2*y**3 - 46*y**2 + 42*y + 52. Determine x(22).
8
Let x(j) = 6*j**2 + 12631*j + 25259. Determine x(-2).
21
Let s(v) = -v**2 - 51*v + 931. Give s(-65).
21
Let d(z) = -z**3 + 83*z**2 + 168*z + 1. Give d(85).
-169
Let a(o) = -7*o**3 - 35*o**2 + 7*o - 7. What is a(-5)?
-42
Let z(v) = -37*v**2 - 261*v - 5. What is z(-7)?
9
Let d(b) = 3*b**2 - 86*b - 123. Give d(30).
-3
Let i(g) = 183*g - 395. Calculate i(2).
-29
Let s(o) = -9584*o + 47926. Give s(5).
6
Let i(x) = 56*x**2 - 22*x - 23. What is i(-1)?
55
Let r(c) = -c**2 + 149*c - 4151. Give r(112).
-7
Let d(g) = -31*g**2 - 281*g - 39. Give d(-9).
-21
Let y(x) = -x**3 + 45*x**2 - 233*x - 15. Calculate y(6).
-9
Let z(a) = 138*a + 183. What is z(-2)?
-93
Let q(v) = -v**3 + 135*v**2 + 188*v - 7072. Give q(136).
0
Let y(d) = -2*d**2 + 16*d + 387. Give y(28).
-733
Let z(f) = 4*f**2 - 18*f - 4. What is z(5)?
6
Let s(v) = -55*v + 76. Give s(-1).
131
Let m(d) = -2*d**3 - 160*d**2 + 160*d - 151. What is m(-81)?
11
Let q(b) = -2635*b - 18476. Determine q(-7).
-31
Let o(t) = 9*t**3 - 213*t**2 + 501*t + 62. Give o(21).
-1
Let a(k) = 75*k**2 + 9*k + 21. Calculate a(-2).
303
Let y(z) = -z**3 + 7*z**2 - 10*z - 6. What is y(5)?
-6
Let t(p) = -96*p - 6728. Determine t(-70).
-8
Let u(k) = -15*k + 14. Determine u(6).
-76
Let a(h) = -h**2 - 26*h - 110. Determine a(-22).
-22
Let d(l) = l**2 + 43*l + 499. What is d(-20)?
39
Let y(u) = -u**3 + 2*u**2 + 9*u - 11. Calculate y(-3).
7
Let y(p) = p**3 + 363*p**2 - 3730*p - 9. What is y(10)?
-9
Let s(z) = -28*z**2 + 2662*z - 166. Calculate s(95).
24
Let v(g) = -77*g - 51. What is v(2)?
-205
Let u(x) = x**3 + 6*x**2 + 13503*x + 67485. Give u(-5).
-5
Let s(n) = 39*n - 3581. Give s(92).
7
Let d(u) = u**3 - 65*u**2 - 79*u + 785. Calculate d(66).
-73
Let c(p) = p**3 + 9*p**2 + 12*p - 122. Determine c(-10).
-342
Let u(p) = -1346*p + 5392. Give u(4).
8
Let u(y) = -64*y + 200. Give u(5).
-120
Let x(d) = -4*d**2 - 210*d + 58. Give x(-53).
-48
Let a(c) = -4*c**2 + 21*c - 22. Determine a(5).
-17
Let x(y) = 493*y**2 + 19*y + 12. Determine x(-1).
486
Let q(c) = -29*c**2 - 232*c + 8. Give q(-8).
8
Let z(r) = -r**2 - 39*r + 2926. What is z(38)?
0
Let w(y) = -3*y**2 + 130*y - 3. Calculate w(45).
-228
Let k(t) = -t**2 - 65*t + 830. Give k(-76).
-6
Let q(x) = x**2 + 39*x - 45. Calculate q(-33).
-243
Let i(y) = 21*y**2 - 78*y - 21. Determine i(4).
3
Let u(j) = -2*j**2 - 36*j - 95. Give u(-15).
-5
Let q(w) = 129*w - 4404. Calculate q(34).
-18
Let m(w) = -w**3 - 12*w**2 - 40*w - 1. What is m(-7)?
34
Let g(c) = c**2 + 1387*c + 18. Determine g(0).
18
Let m(z) = -37*z + 1932. Calculate m(52).
8
Let w(m) = -37*m + 920. Give w(24).
32
Let l(n) = n**3 + 12*n**2 + 29*n - 42. Give l(-6).
0
Let r(l) = 65*l + 1515. What is r(-27)?
-240
Let i(a) = -a**3 + 177*a**2 + 178*a + 1. What is i(178)?
1
Let n(a) = 5*a**2 - 102*a - 203. What is n(-2)?
21
Let t(w) = -w**3 - 26*w**2 + 122*w - 78. Give t(-30).
-138
Let w(i) = -7*i**2 + 285*i - 197. What is w(40)?
3
Let p(q) = 4*q - 27. Calculate p(-13).
-79
Let c(p) = p**2 - 297*p + 7749. Determine c(29).
-23
Let j(n) = -n**3 + 6*n**2 + 3*n - 36. Determine j(5).
4
Let r(z) = -827*z + 9095. What is r(11)?
-2
Let q(j) = -3*j**3 - 5*j**2 + 61*j + 229. Give q(-4).
97
Let x(n) = 15*n**2 - 38*n - 2. Calculate x(3).
19
Let q(h) = 2*h**2 + 6*h + 6. Give q(-2).
2
Let v(c) = 2*c**3 - 24*c**2 + 48*c - 85. Determine v(10).
-5
Let z(y) = -2*y**3 + 258*y**2 + 259*y + 134. Give z(130).
4
Let k(b) = 5*b**3 - 23*b**2 - 9*b - 3. Give k(5).
2
Let k(y) = 51*y**2 - 1483*y + 107. Calculate k(29).
-9
Let p(z) = 2*z**3 - 619*z**2 + 3340*z + 1223. Give p(304).
7
Let c(m) = -69*m - 21. Give c(1).
-90
Let l(h) = -60*h - 69. Give l(-2).
51
Let c(f) = -19*f + 265. What is c(8)?
113
Let k(a) = -a**3 - 16*a**2 - 22*a - 154. Give k(-15).
-49
Let w(z) = 2*z**3 + 11*z**2 + 6*z - 60. Determine w(-5).
-65
Let m(d) = -12*d - 106. What is m(-27)?
218
Let m(r) = r**3 - 21*r**2 - 26*r - 53. Give m(23).
407
Let x(g) = -4*g**3 + 6*g**2 - 27*g + 20. Calculate x(2).
-42
Let d(i) = -i**3 - 23*i**2 + 38*i + 37. Determine d(-25).
337
Let w(z) = -7782*z + 5. Give w(0).
5
Let q(d) = -3*d**2 - 118*d + 1401. Give q(-49).
-20
Let p(q) = q**3 + 55*q**2 + 207*q + 144. Calculate p(-51).
-9
Let f(x) = -x**3 + 4*x**2 + 1116*x - 6627. What is f(6)?
-3
Let p(l) = 3*l**2 - 22*l - 7. Calculate p(7).
-14
Let a(c) = -c**3 - 4*c**2 + 52*c + 185. Give a(-3).
20
Let c(j) = 2*j**3 - 3*j**2 - 24*j + 9. Give c(4).
-7
Let t(v) = -v**3 - 64*v**2 + 193*v - 491. What is t(-67)?
45
Let l(i) = -i**3 - 14*i**2 - 8*i + 94. Calculate l(-13).
29
Let i(g) = -5009*g - 10007. Give i(-2).
11
Let w(n) = -n**2 + 47*n - 132. Calculate w(39).
180
Let z(k) = -3*k**2 - 31*k + 1. Determine z(-11).
-21
Let k(n) = 3*n**3 + 13*n**2 + 10*n + 3. Calculate k(-4).
-21
Let t(q) = -q**3 - 11*q**2 - 12*q - 16. Calculate t(-10).
4
Let m(o) = 697*o + 1. What is m(0)?
1
Let i(n) = -70*n - 358. Calculate i(-6).
62
Let j(o) = -o**3 - 26*o**2 + o + 189. Give j(-26).
163
Let w(i) = 2*i**2 + 120*i + 947. Determine w(-51).
29
Let x(o) = 38*o + 604. What is x(-17)?
-42
Let a(i) = i**2 - 73*i + 295. Determine a(4).
19
Let c(p) = -2*p**3 + 46*p**2 + 216*p + 28. Calculate c(27).
28
Let h(b) = -11*b + 656. Determine h(60).
-4
Let m(x) = -x + 121. What is m(107)?
14
Let o(h) = -3089*h + 15436. Calculate o(5).
-9
Let h(l) = l**2 + 173*l + 1634. What is h(-10)?
4
Let d(t) = 6*t**2 + 158*t + 360. Give d(-24).
24
Let n(c) = -7*c**2 - 14*c + 16. Calculate n(5).
-229
Let p(z) = z**3 + 166*z**2 + 961*z + 166. Determine p(-160).
6
Let n(k) = 2*k**2 - 47*k - 388. Calculate n(30).
2
Let l(b) = 7*b**2 - 15*b - 25. Determine l(7).
213
Let w(g) = -36*g**2 - 1011*g - 1036. Give w(-27).
17
Let w(k) = k**3 - 12*k**2 + 21*k + 5. Determine w(9).
-49
Let d(v) = -2483*v - 19872. Give d(-8).
-8
Let f(m) = -2*m**3 - 25*m**2 + 33*m - 41. What is f(-13)?
-301
Let r(s) = -s**2 - 141*s - 1738. Calculate r(-13).
-74
Let j(i) = -2*i**2 - 35*i + 43. Determine j(-20).
-57
Let n(f) = -5*f**2 + 401*f - 1608. Determine n(76).
-12
Let b(a) = a**2 - 211*a - 4865. Give b(-21).
7
Let c(w) = 35*w**2 - 4*w - 16. Calculate c(-3).
311
Let p(m) = -6*m**2 + 191*m + 20. Give p(30